digit of 1645135?
5
What is the ten thousands digit of 2163433?
6
What is the ten thousands digit of 19773?
1
What is the thousands digit of 11844272?
4
What is the ten thousands digit of 67036?
6
What is the ten thousands digit of 25393?
2
What is the tens digit of 95063?
6
What is the ten thousands digit of 2649639?
4
What is the tens digit of 1006533?
3
What is the ten millions digit of 10008342?
1
What is the hundreds digit of 4379234?
2
What is the ten thousands digit of 230467?
3
What is the hundreds digit of 304016?
0
What is the millions digit of 5190288?
5
What is the tens digit of 255052?
5
What is the units digit of 390120?
0
What is the hundred thousands digit of 108971?
1
What is the hundred thousands digit of 120703?
1
What is the hundreds digit of 4331993?
9
What is the thousands digit of 8420986?
0
What is the tens digit of 384358?
5
What is the hundred thousands digit of 1784837?
7
What is the hundreds digit of 6932671?
6
What is the thousands digit of 64431?
4
What is the units digit of 15872631?
1
What is the units digit of 818447?
7
What is the units digit of 20229?
9
What is the hundreds digit of 1334503?
5
What is the hundred thousands digit of 1148379?
1
What is the units digit of 4425307?
7
What is the tens digit of 301404?
0
What is the ten thousands digit of 4765682?
6
What is the units digit of 1039451?
1
What is the hundred thousands digit of 441765?
4
What is the thousands digit of 10519238?
9
What is the units digit of 417381?
1
What is the tens digit of 16305816?
1
What is the thousands digit of 320147?
0
What is the ten thousands digit of 2136107?
3
What is the ten thousands digit of 6586169?
8
What is the hundreds digit of 390344?
3
What is the thousands digit of 363699?
3
What is the ten thousands digit of 613473?
1
What is the millions digit of 11744047?
1
What is the ten thousands digit of 657705?
5
What is the thousands digit of 19820?
9
What is the millions digit of 3614913?
3
What is the units digit of 566222?
2
What is the millions digit of 20517695?
0
What is the thousands digit of 74314?
4
What is the ten thousands digit of 15985549?
8
What is the ten thousands digit of 905856?
0
What is the thousands digit of 1222627?
2
What is the tens digit of 164159?
5
What is the ten thousands digit of 3369631?
6
What is the tens digit of 152714?
1
What is the hundred thousands digit of 4003413?
0
What is the hundreds digit of 7605426?
4
What is the units digit of 55235?
5
What is the units digit of 912358?
8
What is the units digit of 11652013?
3
What is the hundreds digit of 87536?
5
What is the thousands digit of 2166817?
6
What is the tens digit of 961711?
1
What is the ten thousands digit of 518124?
1
What is the ten thousands digit of 114704?
1
What is the units digit of 441307?
7
What is the units digit of 238530?
0
What is the hundred thousands digit of 4392590?
3
What is the hundreds digit of 182908?
9
What is the hundred thousands digit of 5949264?
9
What is the thousands digit of 6001831?
1
What is the millions digit of 6996414?
6
What is the thousands digit of 217605?
7
What is the hundred thousands digit of 6531445?
5
What is the thousands digit of 514784?
4
What is the ten thousands digit of 299959?
9
What is the units digit of 575592?
2
What is the thousands digit of 316762?
6
What is the units digit of 76829?
9
What is the hundreds digit of 1014325?
3
What is the hundred thousands digit of 607030?
6
What is the units digit of 4567346?
6
What is the hundred thousands digit of 328929?
3
What is the hundreds digit of 1932053?
0
What is the ten thousands digit of 121905?
2
What is the thousands digit of 4177020?
7
What is the hundred thousands digit of 6045281?
0
What is the units digit of 30767?
7
What is the thousands digit of 284965?
4
What is the hundreds digit of 2727509?
5
What is the thousands digit of 1236615?
6
What is the hundred thousands digit of 16142086?
1
What is the tens digit of 488959?
5
What is the hundred thousands digit of 941574?
9
What is the thousands digit of 287051?
7
What is the thousands digit of 20724151?
4
What is the millions digit of 3560644?
3
What is the units digit of 18030985?
5
What is the hundred thousands digit of 7428081?
4
What is the thousands digit of 668154?
8
What is the thousands digit of 296226?
6
What is the ten thousands digit of 2895289?
9
What is the tens digit of 5040118?
1
What is the hundred thousands digit of 36276566?
2
What is the tens digit of 447335?
3
What is the tens digit of 466225?
2
What is the thousands digit of 240194?
0
What is the hundred thousands digit of 1868578?
8
What is the units digit of 113347?
7
What is the thousands digit of 15062255?
2
What is the hundreds digit of 318198?
1
What is the units digit of 3186665?
5
What is the tens digit of 9272844?
4
What is the ten thousands digit of 145572?
4
What is the tens digit of 1628230?
3
What is the hundreds digit of 28298?
2
What is the units digit of 621140?
0
What is the hundred thousands digit of 2773412?
7
What is the hundred thousands digit of 137665?
1
What is the ten thousands digit of 6136031?
3
What is the ten thousands digit of 3299421?
9
What is the units digit of 1813777?
7
What is the hundreds digit of 1710533?
5
What is the hundred thousands digit of 26726521?
7
What is the units digit of 491266?
6
What is the ten thousands digit of 836873?
3
What is the millions digit of 4595997?
4
What is the tens digit of 17099723?
2
What is the tens digit of 3535455?
5
What is the thousands digit of 1073790?
3
What is the ten thousands digit of 872291?
7
What is the ten thousands digit of 13619897?
1
What is the units digit of 4325535?
5
What is the hundreds digit of 3073369?
3
What is the millions digit of 21875605?
1
What is the ten thousands digit of 5489274?
8
What is the thousands digit of 1092492?
2
What is the units digit of 432806?
6
What is the tens digit of 3625489?
8
What is the ten thousands digit of 671059?
7
What is the thousands digit of 691287?
1
What is the hundreds digit of 1532274?
2
What is the tens digit of 287537?
3
What is the ten thousands digit of 7211508?
1
What is the tens digit of 9722880?
8
What is the ten thousands digit of 105900?
0
What is the tens digit of 19208518?
1
What is the tens digit of 673534?
3
What is the hundred thousands digit of 1558719?
5
What is the hundreds digit of 499449?
4
What is the hundreds digit of 2569306?
3
What is the hundreds digit of 3276018?
0
What is the hundred thousands digit of 2539776?
5
What is the units digit of 184685?
5
What is the thousands digit of 1116089?
6
What is the millions digit of 4424909?
4
What is the millions digit of 6814484?
6
What is the hundred thousands digit of 163378?
1
What is the hundreds digit of 186378?
3
What is the thousands digit of 1157105?
7
What is the units digit of 7269857?
7
What is the hundreds digit of 651989?
9
What is the hundred thousands digit of 25844124?
8
What is the thousands digit of 289029?
9
What is the hundreds digit of 1878936?
9
What is the units digit of 4248388?
8
What is the tens digit of 10970?
7
What is the hundreds digit of 198115?
1
What is the tens digit of 2683434?
3
What is the ten thousands digit of 21094?
2
What is the units digit of 10016?
6
What is the hundreds digit of 641867?
8
What is the units digit of 501310?
0
What is the millions digit of 23441313?
3
What is the ten thousands digit of 1560563?
6
What is the hundreds digit of 1226794?
7
What is the ten thousands digit of 670441?
7
What is the tens digit of 238280?
8
What is the hundreds digit of 93338?
3
What is the units digit of 32832281?
1
What is the hundred thousands digit of 7568919?
5
What is the thousands digit of 3820841?
0
What is the millions digit of 3763781?
3
What is the hundreds digit of 125783?
7
What is the millions digit of 2991579?
2
What is the ten thousands digit of 470828?
7
What is the thousands digit of 329428?
9
What is the thousands digit of 21675676?
5
What is the ten thousands digit of 110590?
1
What is the ten thousands digit of 28422088?
2
What is the hundred thousands digit of 262009?
2
What is the hundreds digit of 266517?
5
What is the hundred thousands digit of 1070926?
0
What is the thousands digit of 3432817?
2
What is the tens digit of 484172?
7
What is